s digit of n?
8
What is the ten thousands digit of -663*((-298)/12)/(33/132)?
6
Let j = -34402 - -35300. What is the units digit of j?
8
Let t(l) = 12*l**2 - 298*l + 32. Let k(c) = -8*c**2 + 199*c - 22. Let d(m) = 8*k(m) + 5*t(m). What is the hundreds digit of d(18)?
5
What is the hundreds digit of 12/14 + 2474625/875?
8
Let i(v) = -568*v + 1208. What is the thousands digit of i(-8)?
5
Suppose -1296*l = -1281*l - 572310. What is the units digit of l?
4
Suppose 6*g - 112 = -412. Let d = -45 - g. Suppose -d*s - o = -448, 3*o - 312 = -4*s + 42. What is the units digit of s?
0
What is the units digit of ((-3222)/54 + 61)*((-102862)/(-4) + -1)?
6
Suppose -4*o - o - 15 = -3*f, 3*f - 15 = -3*o. Suppose o = 5*d - 185 + 725. What is the units digit of 168/(-36)*d/7?
2
Suppose -19243 = 35*i - 118892 - 74616. What is the tens digit of i?
7
Suppose v - 390 = -0*v - 4*t, -4*v - 4*t + 1596 = 0. Let z = 896 - v. What is the tens digit of z?
9
Suppose -16*h = -14*h - 304. Suppose h*s = 158*s - 5934. What is the tens digit of s?
8
What is the hundreds digit of (-1 - 1)/(5 + (2669912/(-66745))/8)?
5
Suppose 0 = -w - 5*t + 3 + 14, 0 = -3*t + 9. Suppose -w*b + 30 = -20. Suppose -b*o = -21*o - 164. What is the tens digit of o?
4
Let c = 20104 + -11834. What is the thousands digit of c?
8
Suppose 0 = 2*i - 2*q - 1612, 3*i - 3*q - 2417 = q. What is the units digit of i?
7
Let g = -1932 - -2950. Suppose g*v - 5 = 1017*v. What is the units digit of v?
5
Let j(d) = 380*d**2 + 109*d - 43. What is the tens digit of j(5)?
0
Suppose -3 = -3*i, 0 = -w + 5*i + 20 + 38. Suppose -2*j = 2*j + 5*d + 122, 0 = -4*j + d - 134. Let a = w + j. What is the units digit of a?
0
Suppose 3*t - 4*x - 84398 = 0, 140634 = 5*t - 6*x + 3*x. What is the tens digit of t?
2
Suppose 2088 = v + 5*s, 0*v + 3*s = -5*v + 10352. Suppose 13*d - 24*d + v = 0. What is the tens digit of d?
8
Let o(k) = 2868*k - 9343. What is the tens digit of o(8)?
0
Let w be ((-6)/4)/(9/372). Let f = 53 + w. What is the units digit of (-2)/f + (-988)/(-9)?
0
Suppose 8337 - 2237 = -2*n. Let o = -1932 - n. What is the units digit of o?
8
Suppose 4*i - 17 = -1, -2*j = -11*i - 61016. What is the units digit of j?
0
Suppose -4*l + 489 = z - 515, -l + 244 = 2*z. Suppose 3*k - l = -k. What is the units digit of k?
3
Let j be (5/(1*(-2)/4))/(-2). Suppose -2*f + 2*w + 1288 = 2*f, 4*f = j*w + 1294. What is the tens digit of f?
2
Let x be (29/(348/(-40)))/((-4)/(-3654)). Let d = -1643 - x. What is the thousands digit of d?
1
Let n = -13 + 16. Suppose -n*v = -3*l + 6, 2*v - 26 = -0*l - 4*l. Suppose -5*m + 20 = y, l*m = 3*y - 6*y + 70. What is the tens digit of y?
2
Let z(b) = -3*b**2 - b. Let o be z(1). Let p(r) = 6*r**2 + 3*r**2 - 2*r**2 + 5*r + 3*r - 3*r + 3. What is the tens digit of p(o)?
9
Let k(w) = -w**3 - 28*w**2 - 26*w + 15. Let q be k(-27). What is the hundreds digit of 1/q + 36244/48?
7
What is the tens digit of 45/6 - (-8728182)/108?
2
Let s(u) = 1483*u**2 + 641*u**2 - 4*u - 5 - 650*u**2. What is the thousands digit of s(-1)?
1
Let z = -68 + 68. Suppose 4*s = -0*s, z = 4*b + 4*s. Suppose 3*q - 2*q = -3*a + 68, b = 2*q - 3*a - 172. What is the units digit of q?
0
Let m(x) = x**2 + 9*x - 33. Let n(u) = -1. Let j(z) = -m(z) - n(z). What is the units digit of j(-8)?
2
Let b(m) = -m**3 + 15*m**2 + 21*m - 8. Let p(n) be the second derivative of -n**3/6 + 19*n**2/2 + 35*n. Let g be p(3). What is the units digit of b(g)?
2
Let n = 8050 + -6885. What is the thousands digit of n?
1
Let l be -6 - -2 - (-2 - 4). Suppose -t = m + l*t + 31, -85 = 3*m + 5*t. What is the units digit of m/10*(-408)/20?
1
Let w(l) = -6*l**3 + 6*l**2 + 48*l + 560. What is the thousands digit of w(-16)?
5
Suppose -h = 11*h + 24. Let d(y) = y**3 + 5*y**2 + 7*y + 5. What is the units digit of d(h)?
3
Let j = -17590 - -35718. What is the units digit of j?
8
Let n = 22639 + -14653. What is the tens digit of n?
8
Let d be 4/(9*(-9)/(-324)). Suppose 28*b - 59092 = -d*b. What is the tens digit of b?
4
Let i(t) = t**3 - 17*t**2 + 32*t - 21. Let k be i(16). Suppose 61*s + k = 62*s. What is the units digit of s?
5
Let l = 11473 - 7376. What is the tens digit of l?
9
Let p(d) = 464*d**3 - d**2 - d + 1. Let k be p(1). Suppose -5*v + 2*q + 1359 - k = 0, 3*q + 714 = 4*v. What is the tens digit of v?
8
Suppose -12*m = -3*m - 99. Let v(i) = -11*i + 20. Let t(u) = 22*u - 39. Let j(x) = -6*t(x) - 13*v(x). What is the units digit of j(m)?
5
Let h = -7587 - -10203. What is the tens digit of h?
1
Suppose 15*s - 40*s + 786908 = -655592. What is the units digit of s?
0
Let i(f) = 666*f**2 - 16*f - 38. What is the thousands digit of i(-2)?
2
Suppose u - 2*u + 120 = v, v - u - 112 = 0. Let d = -180 + v. Let z = d - -70. What is the units digit of z?
6
Suppose -99*o = -434400 - 394230. What is the thousands digit of o?
8
Let h = 1580 - 663. Suppose -f = 3*w - 919, w - h = -f - 0*f. What is the tens digit of f?
1
Let p = -2146 - -7145. What is the tens digit of p?
9
Suppose c = -5*j + 33097, 2*c = 329*j - 325*j + 66236. What is the hundreds digit of c?
1
Let a = 36 - 9. Suppose -4*c - 15 = -a. Suppose 2*v = 2*t + 5*v - 244, c*v - 482 = -4*t. What is the tens digit of t?
1
Suppose 3*m - 27500 = d, 4*m + 25*d - 36676 = 24*d. What is the hundreds digit of m?
1
Let n(x) = 45*x**3 + 4*x**2 - 61*x + 254. What is the units digit of n(6)?
2
Let h(u) be the second derivative of 16*u + 1/6*u**3 + 0 + 1/6*u**4 - 27/10*u**5 + 1/2*u**2. What is the units digit of h(-1)?
6
Let p = -4586 - -16805. What is the units digit of p?
9
Let w(g) = 4*g**2 + 16*g - 1. Let a be w(-5). Suppose 0 = -22*i + a*i + 1332. What is the units digit of i?
4
What is the hundreds digit of (25052580/(-112))/(-45) + (-1)/4*-1?
9
Let f = 1394 + 3688. What is the hundreds digit of f?
0
Let a(d) = d**2 - 3*d + 5. Let z be a(-4). Let t(c) = -19*c - 137. Let q be t(-10). Suppose -z = -2*h + q. What is the tens digit of h?
4
Suppose -3*h = -23*t + 26*t - 9954, 0 = 3*t - 4*h - 9961. What is the thousands digit of t?
3
Suppose 0 = v + 4*u - 68, -2*v + 5*v + 3*u - 240 = 0. Suppose 0*g = -5*p + 5*g + 205, 2*p = 3*g + v. What is the units digit of p?
9
Let w(y) = 286*y + 14. Let l be w(-2). Let c = 1069 + l. Let q = -246 + c. What is the hundreds digit of q?
2
Let m = -346 + 228. Let f(q) = 5*q**2 - 25*q - 113. Let x be f(-6). Let i = m + x. What is the tens digit of i?
9
What is the hundreds digit of 2/(-22) + 834911/121?
9
Let y(m) = 70*m + 22. Let r be y(16). Suppose -5*j = -2*u - r, 4*j - 915 = 6*u - 3*u. What is the tens digit of j?
2
Let v = -4494 - -10594. What is the tens digit of v?
0
Suppose 918 = 3*f + 3*f. Let r = f - -79. What is the units digit of r?
2
Suppose -2*a - 11203 + 15645 = 0. What is the thousands digit of a?
2
Suppose 0 = -5*f + 5*i - 30, i - 2*i = -2*f - 15. What is the tens digit of 796 - f/((-18)/4)?
9
Let y(d) = d**3 + 18*d**2 - 20*d - 17. Let n be y(-19). What is the tens digit of (-2)/4 - (-115)/n?
5
Suppose 46*g - 878760 = -25*g - g. What is the units digit of g?
5
Suppose -127 = -4*o + 41. Let t be 9/21 + 66/o. Suppose -n + 45 = t*n. What is the tens digit of n?
1
Suppose 2*z = -4*n + 6*z + 45060, 0 = -n - z + 11271. What is the units digit of n?
8
Let y = 5304 - -1446. What is the hundreds digit of y?
7
Let v(q) be the third derivative of -q**5/60 + 23*q**4/24 - 19*q**3/6 - 49*q**2 + 2*q. Let m be 86/8 - (-3)/12. What is the units digit of v(m)?
3
Let n be ((-8)/(-28))/((-2)/(-42)) - -77. Let k(c) = 2*c**3 + 4*c**2 - 3*c - 1. Let b be k(3). Suppose 81 = n*w - b*w. What is the tens digit of w?
2
What is the thousands digit of (0 - -5) + 4/((-8)/(-7730))?
3
Suppose -3*a = -3*p - a + 7, 4*a = -4*p + 16. Suppose p*d + 18 = t, -3*t + 26 = -5*d - 8. What is the tens digit of 93 - (-1 + (t - 0))?
9
Suppose 422*y - 428*y + 47454 = 0. What is the units digit of y?
9
Let h be 10/(-8) + (-11330)/(-16)*2. Suppose 4*d = 3775 - h. What is the units digit of d?
0
Let k = -6245 + 13128. Suppose -6972 = -5*p + 2*x, -3*p + 3*x + k = 2698. What is the units digit of p?
4
Let g(b) = 2*b + 31 + 28*b + 64*b**2 - 36*b**2. What is the tens digit of g(-6)?
5
Suppose 2*p - 3*p = 0. Let a(k) = 13*k - 36*k + 10*k + 145 + 7*k. What is the hundreds digit of a(p)?
1
Let m = -23901 + 34255. What is the tens digit of m?
5
Let h 